 + (0 - -1)*s. Let k be -1 + 5 + (5 - -4). Calculate the greatest common divisor of k and g.
13
Let n be 70/4 - 2/(-4). Let v be 23/(-69)*(-864 - 54). What is the greatest common divisor of v and n?
18
Let v = 182 + -160. Let q(c) = -43*c + 15*c**2 + 10 + c**3 + 56*c - 2. Let d be q(-14). What is the greatest common divisor of v and d?
22
Suppose -2*z + 109 = 5*h, z = -3*z - 2*h + 178. Suppose -5*s = 14*s - 3*s. Suppose s = -10*b + 16*b - 126. Calculate the greatest common factor of b and z.
21
Suppose 3224 = 3*z - 2*g, 0 = 5*z + 5*g - 1090 - 4325. Calculate the greatest common divisor of 231 and z.
77
Let z = 514 + -352. Let u = z - 150. Calculate the highest common divisor of 636 and u.
12
Let u be 5*(-16)/10*651/(-186). What is the highest common factor of 2394 and u?
14
Suppose -4*u = -2*b + 2160, 3*b + 3*u = 2*u + 3247. Suppose -b = 6*a + 4. Let w = a - -256. Calculate the greatest common divisor of 30 and w.
15
Let l be (2 - 0)*(-12)/4. Let f be -372*6/(-45) - l/15. Calculate the greatest common divisor of f and 75.
25
Let s be (51/(-153))/((-2)/(-84)). Let o be (-50)/s + 3 - (-4)/(-7). What is the highest common factor of 51 and o?
3
Let h be 4/(12/9) - -55. Let c = -38 + h. Let j(l) = -l**3 - 4*l**2 - 5*l - 5. Let w be j(-4). Calculate the highest common factor of w and c.
5
Let b be 7 - 6 - (1 + -18). Let m = -16 + b. Let o = 54 + -52. Calculate the greatest common divisor of m and o.
2
Let b = 41 + 7. Suppose 0 = -2*u - 0*u + b. Suppose -4*l = -5*k - 217, -5*l - 7*k + 12*k = -265. Calculate the highest common factor of u and l.
24
Suppose -303 = 10*i - 243. Let z(g) = 2*g**2 + 30*g + 156. Let u be z(i). What is the greatest common factor of 64 and u?
16
Let u be (-153)/((-8)/((-104)/(-1))). What is the highest common factor of 204 and u?
51
Suppose -3*j + 24 = -3*x, 4*x + 21 = -2*j + 1. Let g be ((2035/(-15))/(-11))/((-2)/x). What is the greatest common divisor of 37 and g?
37
Let a = 11347 + -5132. Calculate the highest common factor of 110 and a.
55
Let f = -28 + 27. Let g = 56 - f. Suppose -2*r - 2*i - 2*i + 22 = 0, -4*i - 92 = -4*r. What is the highest common divisor of g and r?
19
Suppose -621*f + 73365 = -420*f. Suppose 0 = -5*b + 2*y + 50, y = -3*b - b + 40. What is the highest common divisor of b and f?
5
Suppose -1 = -d + 1. Suppose -b + 5 = -d. Let t = 32793 + -32744. Calculate the highest common divisor of b and t.
7
Let o be 425 + -30 + (42/35)/(2/(-5)). Calculate the greatest common factor of 11074 and o.
98
Let n be (399/27 - 4) + (-2)/(-9). Suppose 0 = -3*u + 4*z + 311, n*z = 4*u + 16*z - 425. Let t = 2 + 33. What is the highest common factor of t and u?
35
Let s be -2 - (-5 - 3970*(-3)/(-6)). Suppose -29*w - 161 = -s. What is the highest common factor of w and 7?
7
Suppose -3*s = k - 157, 0 = 3*k + 4*s - 357 - 74. Calculate the greatest common divisor of 959 and k.
7
Let b(f) = 30*f**2 + 2*f - 5. Let t be b(4). Let q(n) = 176*n + 3365. Let v be q(-19). What is the greatest common factor of t and v?
21
Let w be -7 - (630/(-3) + (-9 - -14)). What is the highest common factor of w and 8217?
99
Let x be 34/6 - -2*(-7)/21. Suppose 3*o + 2*o - d - 735 = 0, 4*o - x*d - 567 = 0. Calculate the greatest common divisor of o and 259.
37
Suppose 0 = v - 5*y, 3*v = -y + 7 + 9. Suppose 0 = -16*o + 21*o + 10, -v*o - 1144 = -3*x. What is the greatest common divisor of 42 and x?
42
Let f = 175 - -423. Let q = f - 588. Let u be (-2 - (1 - 1))*-25. Calculate the greatest common factor of u and q.
10
Let u = 33373 + -23316. Calculate the highest common factor of 113 and u.
113
Suppose -74*z = -63*z - 3850. What is the highest common factor of z and 4025?
175
Let s = 117 - 114. Suppose 0*x + x - s*j = 223, -j = -4*x + 881. What is the greatest common factor of 88 and x?
44
Let n(f) = -17*f - 153. Let q be n(-10). Suppose 780 = -7*v + 1970. What is the greatest common divisor of q and v?
17
Suppose b + 129 = 4*d, -b + 4*d - 355 = 2*b. Let r = b + 237. Suppose 2*c - r = 56. What is the greatest common divisor of 36 and c?
18
Let m be 11*136 + 95 + -110. Calculate the highest common factor of 2 and m.
1
Let h(z) = 2*z + 19. Let d be h(-7). Suppose 309 - 804 = -33*y. What is the greatest common factor of d and y?
5
Let y = 36 - 36. Suppose -7*d - 6 + 27 = y. Suppose 49 = 4*g - 5*l, d*l = 5*g + 6*l - 52. Calculate the greatest common divisor of g and 121.
11
Suppose -10*w + 252 = -3*w. Suppose -3*v + 4*v - 4*b - 12 = 0, 3*v = -b + w. Calculate the highest common factor of 6 and v.
6
Suppose -3*j + 1963 = 2*s + 260, 3*s = 3*j - 1683. Let v be (50/4)/(j/452). Let f = 8 - -32. What is the highest common divisor of v and f?
10
Let q = 144 - 139. Let i = q - 12. Let h = i + 91. Calculate the highest common factor of 42 and h.
42
Let i = 129 + -237. Let q be (3/(-6))/(3/i). Suppose -2*m = -5*w + 892, -2*w + 380 = -0*w + 5*m. What is the greatest common divisor of q and w?
18
Let t(s) = -s**3 - 26*s**2 - 62*s - 64. Let o be t(-25). Calculate the highest common divisor of o and 147.
21
Let p = 660 - 658. Suppose -1077 + 209 = -p*f. Calculate the greatest common divisor of f and 14.
14
Let u = 8 + -3. Let h be 0*(-1)/u*1. Let c = h - -4. What is the greatest common divisor of c and 2?
2
Suppose -13*l - 13 = -14*l. Suppose 4*h = 3*p - 0*p - 24, -4*p = h - l. Suppose d - p*d = -45. What is the highest common divisor of d and 135?
15
Suppose -2*i = -4, 3*d = 2*d + 2*i + 12. Let m be -93*((-70)/(-21) - 2)*-1. Calculate the highest common divisor of d and m.
4
Let m be (7/(-35)*3)/(1/(-15)). Suppose -246 = -m*o + 24. What is the greatest common factor of o and 165?
15
Let i(x) = -9 - 1 - 9 - x**2 - 17*x + 7. Let s = -14 - -3. Let p be i(s). What is the greatest common divisor of 18 and p?
18
Let n(s) = 10*s + 10. Let t be n(-4). Let f = t - -39. Let b(w) = -w**3 - w - 1. Let g be b(-2). What is the greatest common divisor of g and f?
9
Let f(t) = 260*t**3 - 8*t**2 - 6. Let l be f(3). What is the greatest common factor of 312 and l?
78
Let g be 716/1253 - 125492/(-7). Calculate the highest common divisor of 216 and g.
216
Suppose 0 = -156*r + 133*r + 36708. Calculate the highest common factor of r and 3.
3
Let x be (5 - 7)*(-2)/(-1) - -102. Let g = x - 53. Suppose -4*r + 439 + g = 0. What is the greatest common divisor of 11 and r?
11
Let i(x) = -x**2 - 20*x - 75. Let z be (4/8 - -5)/((-2)/4). Let u be i(z). Calculate the highest common factor of 36 and u.
12
Suppose 4*s - 230 = u, -2*u - 3*s = 189 + 260. Let p = -174 - u. Calculate the greatest common factor of p and 39.
13
Let b = -473 - -444. Let a(v) = v**3 + 32*v**2 + 65*v + 8. Let y be a(b). What is the greatest common factor of y and 34?
34
Let i be (70/25)/((-21)/(-945)). Let f(b) = b + 2. Let s be f(12). What is the highest common divisor of s and i?
14
Suppose 4*b - 348 = -g, 69*b + 90 = 71*b - 10*g. Calculate the highest common divisor of b and 136.
17
Let w = 34 - 10. Let o(k) = k**2 - 22*k - 16. Let y be o(w). Suppose -6*p + y = -4*p. Calculate the highest common divisor of 1 and p.
1
Suppose -203*v + 4746 = 1498. What is the highest common divisor of 3088 and v?
16
Suppose 0 = 4*m - 20 - 4. Suppose 6*u - 3*u = m. Suppose -12 = -4*l + 2*q, q = -2*l - u*q + 6. Calculate the greatest common divisor of l and 15.
3
Suppose 1236 = 15*x + 1907 - 10436. What is the highest common divisor of 558 and x?
93
Suppose d + 200 = 6*d. Let m be (-126 + 46)*(9 + -13). Calculate the highest common factor of m and d.
40
Let p = 208 + -204. Suppose p*k + 153 - 23 = i, -570 = -5*i + 4*k. What is the greatest common factor of 1210 and i?
110
Suppose -k + s = -96, -2*k + 193*s - 198*s = -206. Calculate the greatest common factor of 6370 and k.
98
Let y(l) = -l**3 - 32*l**2 + 29*l - 104. Let d be y(-33). Suppose -2*s - 260 = -d*s. Suppose -16 = j - 5*j. What is the greatest common factor of j and s?
2
Let j be (983 - 56)/((-1)/(-37)). What is the greatest common divisor of j and 37?
37
Let b(y) = y**3 + 9*y**2 - 18*y - 37. Let n be b(-10). Let f = n - 20. What is the greatest common divisor of f and 46?
23
Let u = -15 - -39. Suppose 3*g + 0 = 15. Let l be (4/10)/(g/100). What is the greatest common factor of l and u?
8
Suppose -7*c + 8 + 6 = 0. Suppose c*y - 54 - 140 = 0. Let o = y + -83. Calculate the greatest com